{"id":11,"date":"2024-02-05T17:33:56","date_gmt":"2024-02-05T17:33:56","guid":{"rendered":"http:\/\/kohvriteater.ee\/?page_id=11"},"modified":"2024-02-10T15:34:04","modified_gmt":"2024-02-10T15:34:04","slug":"kontakt","status":"publish","type":"page","link":"https:\/\/kohvriteater.ee\/?page_id=11","title":{"rendered":"Kontakt"},"content":{"rendered":"\n<div class=\"wp-block-group alignfull has-global-padding is-layout-constrained wp-container-core-group-is-layout-490fa1db wp-block-group-is-layout-constrained\" style=\"padding-top:var(--wp--preset--spacing--50);padding-right:var(--wp--preset--spacing--50);padding-bottom:var(--wp--preset--spacing--50);padding-left:var(--wp--preset--spacing--50)\">\n<div class=\"wp-block-group has-global-padding is-layout-constrained wp-container-core-group-is-layout-650790e1 wp-block-group-is-layout-constrained\">\n<h1 class=\"wp-block-heading has-text-align-center has-x-large-font-size\">Lapsel s\u00fcnnip\u00e4ev?<\/h1>\n\n\n\n<div style=\"height:1.25rem\" aria-hidden=\"true\" class=\"wp-block-spacer\"><\/div>\n\n\n\n<p class=\"has-text-align-center\">Meistern\u00e4itleja Heino Seljamaa KOHVRITEATER teeb lapse s\u00fcnnip\u00e4eva soojaks ja s\u00fcdamlikuks. Tulen kohale k\u00f5ikjale \u00fcle Eesti. Etendus vajab 2x2m ruumi ja head publikut \u2013 nii lapsi kui t\u00e4iskasvanuid. V\u00f5ta julgelt \u00fchendust telefonil 51 87753 v\u00f5i meiliaadressil seljamaa@gmail.com.<\/p>\n\n\n\n<div style=\"height:1.25rem\" aria-hidden=\"true\" class=\"wp-block-spacer\"><\/div>\n\n\n\n<div class=\"wp-block-buttons is-content-justification-center is-layout-flex wp-container-core-buttons-is-layout-a89b3969 wp-block-buttons-is-layout-flex\">\n<div class=\"wp-block-button\"><a class=\"wp-block-button__link wp-element-button\" href=\"mailto:seljamaa@gmail.com\" target=\"_blank\" rel=\"noreferrer noopener\">Kirjuta<\/a><\/div>\n<\/div>\n<\/div>\n<\/div>\n","protected":false},"excerpt":{"rendered":"<p>Lapsel s\u00fcnnip\u00e4ev? Meistern\u00e4itleja Heino Seljamaa KOHVRITEATER teeb lapse s\u00fcnnip\u00e4eva soojaks ja s\u00fcdamlikuks. Tulen kohale k\u00f5ikjale \u00fcle Eesti. Etendus vajab 2x2m ruumi ja head publikut \u2013 nii lapsi kui t\u00e4iskasvanuid. V\u00f5ta julgelt \u00fchendust telefonil 51 87753 v\u00f5i meiliaadressil seljamaa@gmail.com.<\/p>\n","protected":false},"author":1,"featured_media":0,"parent":0,"menu_order":100,"comment_status":"closed","ping_status":"closed","template":"","meta":{"footnotes":""},"class_list":["post-11","page","type-page","status-publish","hentry"],"_links":{"self":[{"href":"https:\/\/kohvriteater.ee\/index.php?rest_route=\/wp\/v2\/pages\/11","targetHints":{"allow":["GET"]}}],"collection":[{"href":"https:\/\/kohvriteater.ee\/index.php?rest_route=\/wp\/v2\/pages"}],"about":[{"href":"https:\/\/kohvriteater.ee\/index.php?rest_route=\/wp\/v2\/types\/page"}],"author":[{"embeddable":true,"href":"https:\/\/kohvriteater.ee\/index.php?rest_route=\/wp\/v2\/users\/1"}],"replies":[{"embeddable":true,"href":"https:\/\/kohvriteater.ee\/index.php?rest_route=%2Fwp%2Fv2%2Fcomments&post=11"}],"version-history":[{"count":5,"href":"https:\/\/kohvriteater.ee\/index.php?rest_route=\/wp\/v2\/pages\/11\/revisions"}],"predecessor-version":[{"id":53,"href":"https:\/\/kohvriteater.ee\/index.php?rest_route=\/wp\/v2\/pages\/11\/revisions\/53"}],"wp:attachment":[{"href":"https:\/\/kohvriteater.ee\/index.php?rest_route=%2Fwp%2Fv2%2Fmedia&parent=11"}],"curies":[{"name":"wp","href":"https:\/\/api.w.org\/{rel}","templated":true}]}}