{"id":2,"date":"2024-02-05T17:18:55","date_gmt":"2024-02-05T17:18:55","guid":{"rendered":"http:\/\/kohvriteater.ee\/?page_id=2"},"modified":"2026-03-03T12:35:22","modified_gmt":"2026-03-03T12:35:22","slug":"sample-page","status":"publish","type":"page","link":"https:\/\/kohvriteater.ee\/","title":{"rendered":"Kohe n\u00e4ha, et vanad s\u00f5brad!"},"content":{"rendered":"\n<figure class=\"wp-block-image size-large\"><img loading=\"lazy\" decoding=\"async\" width=\"724\" height=\"1024\" src=\"https:\/\/kohvriteater.ee\/wp-content\/uploads\/2026\/03\/OK-KLAAR-PUSTI-724x1024.png\" alt=\"\" class=\"wp-image-154\" srcset=\"https:\/\/kohvriteater.ee\/wp-content\/uploads\/2026\/03\/OK-KLAAR-PUSTI-724x1024.png 724w, https:\/\/kohvriteater.ee\/wp-content\/uploads\/2026\/03\/OK-KLAAR-PUSTI-212x300.png 212w, https:\/\/kohvriteater.ee\/wp-content\/uploads\/2026\/03\/OK-KLAAR-PUSTI-768x1086.png 768w, https:\/\/kohvriteater.ee\/wp-content\/uploads\/2026\/03\/OK-KLAAR-PUSTI-1086x1536.png 1086w, https:\/\/kohvriteater.ee\/wp-content\/uploads\/2026\/03\/OK-KLAAR-PUSTI-1448x2048.png 1448w, https:\/\/kohvriteater.ee\/wp-content\/uploads\/2026\/03\/OK-KLAAR-PUSTI.png 1654w\" sizes=\"auto, (max-width: 724px) 100vw, 724px\" \/><\/figure>\n\n\n\n<p class=\"has-text-align-center\">Maailmas on \u00fcks Eesti.<br>Eestis on \u00fcks Kohvriteater.<br>Kohvriteatris on \u00fcks n\u00e4itleja.<br>Meistern\u00e4itleja.<br><br>Oma ala hea teadlase tunneb \u00e4ra \u00fchest asjast: oskusest selgitada lastele, mida ta teeb. <\/p>\n\n\n\n<p class=\"has-text-align-center\">Heino Seljamaa:&#8221;Olen teinud seda, mis meeldib. Teatrit&#8221;.<\/p>\n\n\n\n<blockquote class=\"wp-block-quote is-layout-flow wp-block-quote-is-layout-flow\">\n<p><\/p>\n<\/blockquote>\n\n\n\n<p>KOHVRITEATER on esinenud Soomes, Saksamaal, Rootsis, Norras, Iirimaal, USA-s, Venemaal, Ukrainas, Itaalias, Austrias, L\u00e4tis, Leedus, Ungaris Jaapanis. Taaskohtumine pisikese vaatajaga Jaapanis oli 2024.a. septembris.<\/p>\n\n\n\n<p><\/p>\n\n\n\n<blockquote class=\"wp-block-quote is-layout-flow wp-block-quote-is-layout-flow\">\n<p><\/p>\n<\/blockquote>\n\n\n\n<p>As a new WordPress user, you should go to <a href=\"http:\/\/kohvriteater.ee\/wp-admin\/\">your dashboard<\/a> to delete this page and create new pages for your content. Have fun!<\/p>\n","protected":false},"excerpt":{"rendered":"<p>Maailmas on \u00fcks Eesti.Eestis on \u00fcks Kohvriteater.Kohvriteatris on \u00fcks n\u00e4itleja.Meistern\u00e4itleja. Oma ala hea teadlase tunneb \u00e4ra \u00fchest asjast: oskusest selgitada lastele, mida ta teeb. Heino Seljamaa:&#8221;Olen teinud seda, mis meeldib. Teatrit&#8221;. KOHVRITEATER on esinenud Soomes, Saksamaal, Rootsis, Norras, Iirimaal, USA-s, Venemaal, Ukrainas, Itaalias, Austrias, L\u00e4tis, Leedus, Ungaris Jaapanis. Taaskohtumine pisikese vaatajaga Jaapanis oli 2024.a. septembris. [&hellip;]<\/p>\n","protected":false},"author":1,"featured_media":0,"parent":0,"menu_order":1,"comment_status":"closed","ping_status":"open","template":"","meta":{"footnotes":""},"class_list":["post-2","page","type-page","status-publish","hentry"],"_links":{"self":[{"href":"https:\/\/kohvriteater.ee\/index.php?rest_route=\/wp\/v2\/pages\/2","targetHints":{"allow":["GET"]}}],"collection":[{"href":"https:\/\/kohvriteater.ee\/index.php?rest_route=\/wp\/v2\/pages"}],"about":[{"href":"https:\/\/kohvriteater.ee\/index.php?rest_route=\/wp\/v2\/types\/page"}],"author":[{"embeddable":true,"href":"https:\/\/kohvriteater.ee\/index.php?rest_route=\/wp\/v2\/users\/1"}],"replies":[{"embeddable":true,"href":"https:\/\/kohvriteater.ee\/index.php?rest_route=%2Fwp%2Fv2%2Fcomments&post=2"}],"version-history":[{"count":9,"href":"https:\/\/kohvriteater.ee\/index.php?rest_route=\/wp\/v2\/pages\/2\/revisions"}],"predecessor-version":[{"id":156,"href":"https:\/\/kohvriteater.ee\/index.php?rest_route=\/wp\/v2\/pages\/2\/revisions\/156"}],"wp:attachment":[{"href":"https:\/\/kohvriteater.ee\/index.php?rest_route=%2Fwp%2Fv2%2Fmedia&parent=2"}],"curies":[{"name":"wp","href":"https:\/\/api.w.org\/{rel}","templated":true}]}}